s digit of t(p)?
5
Suppose -111015 = 93*p - 502731. What is the thousands digit of p?
4
Suppose i - 3*x - 23 = 0, -i - 3*i = -3*x - 92. Let t = i - -79. What is the hundreds digit of t?
1
Suppose -3*d - 7194 = -38*a + 33*a, -7179 = -5*a - 2*d. What is the thousands digit of a?
1
Let i = 25 + -22. What is the units digit of (-5)/i*(1 + -28) + 1?
6
Let j = 28 + -5. Let v = -26 + j. What is the units digit of v*(-22)/2 - 4?
9
Let j be (0 - 0)*7/14. Suppose 3*l - 3*p = j, -5*p = 2*l - p + 12. Let z(a) = -10*a - 4. What is the units digit of z(l)?
6
Let z(k) = k**3 - k - 1. Let w be z(2). Suppose -w*t + 320 = -0*t - 4*d, 2*t - 128 = 4*d. What is the units digit of t?
4
Let b be (-73)/(-4) - 1/4. Suppose -13*h - 105 = -b*h. What is the tens digit of h?
2
Let b = 17 + -29. Let p be (-8)/b + (-885)/(-9). Suppose p = 5*d + 14. What is the units digit of d?
7
Let p(j) = -10*j - 2. Let d be p(-3). Suppose -8 + d = 4*y. Suppose -y*b - 9 = -34. What is the units digit of b?
5
Let f(i) = i**2 + 6. Let u be f(6). Let x be (-21)/28 - u/8. Let v = 17 + x. What is the units digit of v?
1
Suppose -2*o - 3*w = -187, 0 = -2*o + 5*o + 5*w - 282. What is the units digit of o?
9
Suppose -3*y = 4*u + 17, 0 = -2*u - 9*y + 7*y - 10. Let c(a) be the third derivative of a**5/12 + a**4/12 - a**3/3 - a**2. What is the tens digit of c(u)?
1
Let u be ((-18)/15)/((-16)/40). Let v be (-33)/22*(-16)/u. Suppose -v*f = -10*f + 58. What is the units digit of f?
9
Suppose 5*k + 6 = 3*k. What is the tens digit of (-3)/(((-36)/(-52))/k)?
1
Let z(g) be the first derivative of 2*g**3/3 - 3*g - 3. Let s be 1/((-1)/8*2). What is the tens digit of z(s)?
2
Suppose -5*w - 54 = -2*d, 0 = 5*w + 18 + 2. Suppose 64 + d = z. What is the tens digit of z + -6 - 4/2?
7
Let j = -6 - 3. Let b = j + 98. What is the units digit of b?
9
Let z(h) = -h**2 - 6*h - 1. Let c be z(-5). Let f = c + -1. What is the units digit of 15*3 - 9/f?
2
Let d = -362 + 621. What is the tens digit of d?
5
Let n(w) = -w**3 + 16*w**2 - 11*w - 19. Suppose -b - 7 = -22. What is the tens digit of n(b)?
4
Let l = -81 - -176. Let w = 102 - l. What is the units digit of w?
7
Suppose p - 20 = 6*p, -4*d + p + 2040 = 0. What is the hundreds digit of d?
5
Let d be (-32)/(-12)*(-9)/(-12). Suppose -j + d*f = -14, -2*j + 9 = -2*f - 11. Let l = j - -13. What is the units digit of l?
9
Let u = 304 + -86. Suppose s = -s + u. What is the tens digit of s?
0
Let o be -2*((-7)/2)/1. Suppose o*c = 171 + 74. Let m = 16 + c. What is the tens digit of m?
5
Suppose 7*o + 2*o = 198. Suppose 21*z - 19*z = o. What is the units digit of z?
1
Let h(k) = 26*k**2 + 49*k + 43. What is the tens digit of h(-8)?
1
Let c = -552 + 787. Suppose 0 = -5*k + 5*z - 10, -2*k + 4 - 8 = 2*z. What is the units digit of k/3 - c/(-15)?
5
Let c be (-73)/(-3 - (-21)/6). What is the tens digit of 12/21 - c/14?
1
Let b = 109 - -1161. What is the hundreds digit of b?
2
Suppose -5*m - 3 = -4*u + 9, -5*u + 15 = -5*m. Suppose 0 = o + 4*o + u*g - 7, -4*o + 4*g = -12. What is the tens digit of (6/(-9))/(o/(-93))?
3
Let h(r) = 4*r**2 - 42*r - 94. What is the hundreds digit of h(21)?
7
Suppose 4*f = -2*x + 6*x - 612, 0 = 2*x - 3*f - 310. Let p = x + -103. What is the tens digit of p?
4
Let u(j) = -j**3 + 2*j**2 - j. Let z be u(1). Suppose 8*s - 2*s - 12 = z. Suppose -3*l + 120 = s*l. What is the units digit of l?
4
Suppose 0*h = -3*h - 2*y + 275, -h - 3*y + 87 = 0. Let m = 7 + h. What is the tens digit of m?
0
Suppose -2*b - 3*n = -b + 54, 3*b - 3*n = -114. Let t = -25 - b. What is the units digit of t?
7
Suppose -k - q = -0 - 3, 2*q = -2. Suppose 40 = -k*t - 4*a, 0 = 2*t - 0*a + a + 18. Let d = 5 - t. What is the units digit of d?
3
Let u(w) = w + 2. Let c be 1 - 26/(3 - 5). Let z = -8 + c. What is the units digit of u(z)?
8
Suppose -25*a + 512 = -1963. What is the tens digit of a?
9
Suppose m = 5*z + 8, -4*z + 3 = -4*m + 19. Suppose 0 = -5*c + 3*q - 0*q + 663, m*q = -3. What is the tens digit of c?
3
Let z be (4/(-9))/((-4)/18). Suppose 0*h + 3*t = 3*h - 528, 8 = z*t. What is the hundreds digit of h?
1
Let n be 4/16 + -2*(-31)/8. Suppose -n*f = -172 - 580. What is the units digit of f?
4
Suppose -4*x - 5*x + 2367 = 0. What is the units digit of x?
3
Suppose -2*r + 2*d = -624, -4*r + 633 = -d - 624. What is the tens digit of r?
1
Suppose -b + 2 + 1 = 0. Let d be 1/(-3)*(-45)/b. Suppose 9 = m - d*i, -4*m - 2*i = -5*m + 6. What is the units digit of m?
4
Let i(s) = s**2 - 3*s - 8. Let w be i(7). Suppose -10*b = -2*z - 5*b + 100, -z = -b - 50. Let a = z - w. What is the units digit of a?
0
Let o(s) = 4*s**2 + 135*s**2 + 3*s - 1 - s. What is the tens digit of o(1)?
4
Let i(j) = j**3 - 15*j**2 + 14*j + 3. Let q be i(14). Suppose -5*w + 5 = 0, -2*p - q = -4*p + 3*w. What is the units digit of p/(-12)*2*-18?
9
Suppose 3*d - t + 5 = -0*d, 0 = -3*d + 3*t - 15. Suppose d = 4*s - 145 + 45. What is the units digit of s?
5
Let b(c) = -2*c + 42. Let l be b(5). What is the units digit of l/(-6)*(-63)/14?
4
Suppose -1335*s + 1770 = -1330*s. What is the tens digit of s?
5
Let q be 15/5*2/3. Suppose -q + 8 = -3*o. Let j = 3 - o. What is the units digit of j?
5
Let f(u) = 4*u**2 + 25*u - 57. What is the tens digit of f(-15)?
6
Let z(t) = -t - 3. Let s be z(-5). Suppose s*d = -2*d - 36. Let p = d - -27. What is the tens digit of p?
1
Suppose -3*m + 54 = 3*m. Let f(n) = 5*n**2 - 8*n + 10 - n**2 - 3*n**2. What is the units digit of f(m)?
9
Let m be (-10 - -2)/(2 + -4). Let r(v) = -v**2 + 2*v + 3. Let g be r(m). What is the units digit of ((-15)/g)/(1/2)?
6
Suppose y - 6*y + 2*x - 334 = 0, -y = 3*x + 77. What is the tens digit of y/(-5)*(4 - -1)?
6
Let y(w) = 10*w**2 + 4*w + 11. What is the tens digit of y(-4)?
5
Let f be -1 + -36 - (-6)/2. Let y be 2/17 - 166/f. What is the tens digit of (-4)/(-1 + y) + 26?
2
Suppose 0*b + 2*b + 8 = -3*y, 0 = -4*b - y - 36. Let f = b - -10. Suppose -2*k + 30 = 3*r, 3*k + 5*r = -f*k + 45. What is the tens digit of k?
1
Let d(w) = -w**3 - w**2 + 6*w + 1810. What is the tens digit of d(0)?
1
Let h = -27 - -31. Suppose -23 = t - 3*a, -9 + 1 = -h*a. Let p = t + 22. What is the units digit of p?
5
Suppose 266 = 2*z + 3*v - 1748, -4*v - 1007 = -z. What is the thousands digit of z?
1
What is the tens digit of 10*(-1842)/(-24) - (-2)/4?
6
Suppose -2*c + 2*d - 120 + 1330 = 0, -3*d + 1803 = 3*c. What is the hundreds digit of c?
6
Let p(m) = -654*m + 1. Let k be p(-1). Suppose 4*l = -l + k. What is the units digit of l?
1
Let s(w) = 0 + 27*w + 2*w**2 + 1 - 29*w. Let o be s(2). What is the units digit of (-2)/o + 227/5?
5
Let c = 2144 + -892. What is the tens digit of c?
5
Let m(c) = 39*c**2 - 12*c + 173. What is the hundreds digit of m(-9)?
4
Suppose -d = -14*d + 30251. What is the hundreds digit of d?
3
Let h = 1476 - 410. What is the hundreds digit of h?
0
Suppose 0 = 4*n - 12, n - 35 = -a + 4*n. Let c = -83 + a. What is the units digit of ((-26)/c)/(4/54)?
9
Let f(u) = -u**2 + 2*u. Let i be f(-2). Let p = -10 - i. What is the units digit of 30 - -3*p/6?
9
What is the hundreds digit of 1 + 1279 - 4/(-2)?
2
Let w(o) = -13*o + 1. Let c(x) = 14*x - 2. Let b(a) = -5*c(a) - 4*w(a). What is the tens digit of b(-2)?
4
Let c = 2187 + -627. What is the hundreds digit of c?
5
What is the units digit of 5*(6392/20 - 2)/2?
4
Let s(g) = -2*g**2 + 17*g - 11. Let k(w) = -w**2 + 8*w - 5. Let j(b) = -5*k(b) + 2*s(b). Let y = -217 + 224. What is the units digit of j(y)?
0
Let c = 418 + -212. Suppose -w + 5*t + 181 = 0, -c - 672 = -5*w - 2*t. What is the tens digit of w?
7
Suppose -2570 = 5*y - 4*k - 25255, 4*k = -20. What is the hundreds digit of y?
5
Let g(f) = -f**2 + 2*f - 1. Suppose 0 = -5*u + u + 12. Let y be g(u). What is the tens digit of 12/(-18)*150/y?
2
Let h(c) = 19*c + 3. Let u be h(-4). Let o be (-668)/14 + 4/(-14). Let d = o - u. What is the tens digit of d?
2
Suppose 9*w = 2 + 25. Suppose w*u - 3*a - 226 = u, 0 = -2*u - 3*a + 202. What is the tens digit of u?
0
Suppose 0 = -10*n - 5131 + 37881. What is the units digit of n?
5
Let n(t) = 40*t + 68. What is the hundreds digit of n(9)?
4
Let j be 2/11 + (-18)/99. Let n = 12 + j. What is the tens digit of n?
1
What is the tens digit of 11 + (-28)/20 + (-6)/(-15)?
1
Let q(z) = -71*z**3 + 4*z**2 - z + 4. Let u(x) = 142*x**3 - 9*x**2 + 2